igit of k?
1
Suppose -11*n + 2533 = -2670. Suppose -n + 1667 = 3*u. What is the tens digit of u?
9
Let k(b) = -16*b**2 - 14*b + 15. Let x(z) = 7*z**2 + 7*z - 7. Let o(p) = 3*k(p) + 7*x(p). What is the units digit of o(6)?
4
Suppose 7*l + 236 + 212 = 0. Let v = 62 + l. What is the tens digit of 146/7 - v/14?
2
Let u(j) = -j + 17. Let b be u(5). Suppose 3*d - b*d + 4662 = 0. What is the hundreds digit of d?
5
Let q = -74 + 77. Suppose 0 = q*s - 2*y + 1216, 6*s + 4*y + 2012 = s. Let b = 569 + s. What is the units digit of b?
5
Suppose b = -22*b + 92. Suppose 0 = 4*v - 0*o + 5*o - 116, 0 = -b*v + 2*o + 144. What is the units digit of v?
4
Suppose 0 = -6*z + z. Suppose 2*u = c + 277, z = 4*u - 3*c + 6*c - 539. Suppose -13*t = -643 - u. What is the tens digit of t?
6
Suppose 5*a + 44*y = 47*y + 12159, y = -5*a + 12167. Let f = a + -1644. What is the hundreds digit of f?
7
Let v(a) = 2*a**2 - 7*a - 34. Let q be v(-3). Suppose q*h + 327 - 1127 = 0. What is the tens digit of h?
6
Let g = 326 + -262. What is the tens digit of ((g/(-12))/8*99)/(-1)?
6
Let r(a) = a**3 + 2*a**2 - a - 6. Let o be r(0). What is the tens digit of ((-807)/6)/(o/36)?
0
Suppose 119*j - 174195 = 98*j. What is the thousands digit of j?
8
Let p be 429 + 24/(-36)*(-18)/4. Suppose 3*t + p = -5*t. What is the tens digit of 12/t + (-2549)/(-9)?
8
Let l(n) = 17*n**2 + 656*n + 13. What is the tens digit of l(-54)?
6
Suppose -187093 = -22*w - 58679. What is the units digit of w?
7
Let o be 4/24 - (-19102)/12. Suppose 0 = 18*h - 22*h + o. What is the hundreds digit of h?
3
Let z = -648 + 657. Suppose -z*a - 29808 = -25*a. What is the tens digit of a?
6
What is the thousands digit of 7684*(10 - -5)/30?
3
Let g(f) = -8*f - 8. Let n be g(-5). Suppose 36 = 2*q + n. What is the units digit of q/(-5) + (-4935)/(-25)?
7
Suppose 0 = 42*n - 13801 - 103673. What is the hundreds digit of n?
7
Let a(l) = l**3 - l**2 - 5*l + 5. Let b be a(0). Suppose -5*x = -3*h - 8*x + 1002, -3*x = -b*h + 1678. What is the tens digit of 9*h/15 - 5?
9
Let z = -225 + 223. What is the hundreds digit of (2/z)/(22/(-8206))?
3
Let g(m) = 5*m**3 + 2*m**2 - 2*m - 2. Let l(h) = -2*h**3 - 1. Let t(u) = g(u) - l(u). What is the units digit of t(2)?
9
Let s(c) = -38*c - 77*c + 72 - 92 + 41. What is the hundreds digit of s(-3)?
3
Suppose -962 = -2*o - t - 296, -2*t + 1000 = 3*o. Let z(i) = i**2 - 35*i + 48. Let s be z(25). Let g = o + s. What is the hundreds digit of g?
1
Suppose -4*d - 1702 = -2*t, -5*t = -2*d - 2643 - 1620. What is the tens digit of t?
5
Let y be (5*(-10)/50)/((-2)/18). Suppose y*i = -8*i + 14960. What is the units digit of i?
0
Let q(f) be the second derivative of f**5/20 - 2*f**4/3 - f**3/3 + 5*f**2 + 7*f + 6. What is the tens digit of q(0)?
1
Let p(u) = u**2 - 7*u + 1. Let q be p(7). Let o be 1 - q - 1*79*-1. Let v = 31 + o. What is the hundreds digit of v?
1
Suppose 0 = -13*f + 19011 + 16648. Let r = -703 + f. Suppose r = 12*h - 120. What is the tens digit of h?
8
Suppose 0 = 1063*u - 1076*u + 89349. What is the hundreds digit of u?
8
Let x be ((-96)/(-72))/(1/144). Let c = x - 158. What is the units digit of c?
4
Let p be (-129)/(-12) - 4/(-16). Let g(j) = -j**3 + 10*j**2 + 10*j + 1. Let n be g(p). What is the tens digit of -1 + 16 - (-9 - n)?
1
Let i(h) = -h**3 + 8*h**2 - h + 10. Let b be i(8). What is the hundreds digit of (-9)/b*8904/(-63)?
6
Let c be (-50)/(-4) - 5/10. Let f = 12 - c. Suppose 2*h + 2*b + b = 51, -h - 4*b + 33 = f. What is the units digit of h?
1
Let i be (-4)/1*(17 + -6). Let n = i - -48. Suppose -70 + 8 = -a - n*r, 0 = 4*a + 4*r - 224. What is the units digit of a?
4
Let q(n) = 2*n**2 - n**2 - n + 2*n**2 + 0*n**2. Let f be q(1). What is the units digit of f + 39/(-21) - (-96)/14?
7
Suppose 41 - 17 = 6*m. Suppose 1296 = 2*c + m*c. What is the units digit of c?
6
What is the thousands digit of 12/(-9) + 65692*3/36?
5
Suppose -i + r = 2*i + 56, 0 = -i - 2*r - 28. What is the units digit of ((-165)/i)/((-1204)/608 + 2)?
8
Let u be 5/((-5)/(-638))*(-43 - -45). Suppose -b - 4*f + 624 = 0, 0*b - f + u = 2*b. What is the units digit of b?
0
Let p = 178 - 115. Let b = 92 + -77. Let j = p + b. What is the units digit of j?
8
What is the units digit of (1046/(-8) - (-20)/(-16))/((-6)/309)?
8
Suppose 12 = 3*k, z - 18 - 2 = -3*k. Suppose d - l = -4*d + z, -3*d + 5*l = 4. Suppose d*m - 84 = -34. What is the units digit of m?
5
Let r = -14331 + 25031. What is the hundreds digit of r?
7
Let v = 926 - 1487. Let q = -278 - v. What is the units digit of q?
3
Let p be (-2 + 2 - -3) + (-2 - -307). Let l = 42 + p. Suppose l = -32*w + 37*w. What is the tens digit of w?
7
Suppose 31*v - 94*v = -428526. What is the units digit of v?
2
Suppose 0 = -2*p - 8, -4*p = -4*s - 79 + 7. Let w = s + 24. Suppose 3*g = -4*l + 265, 4*g - w*l = -7*l + 355. What is the units digit of g?
5
Suppose 16*c = 61268 + 14188. What is the thousands digit of c?
4
Suppose 610 = 140*f - 135*f. Let p = 1009 + f. What is the units digit of p?
1
Suppose 4*y - 18296 = -4*u, -120*u = -y - 125*u + 4558. What is the hundreds digit of y?
5
Let t(i) = 4206*i - 4525. What is the tens digit of t(3)?
9
Let v = 142 - 145. What is the hundreds digit of (15/10)/(v/(-968))?
4
Let m = 44934 + -25396. What is the hundreds digit of m?
5
Suppose -4*o - 13372 = -v, 0 = -5*v + 8*v - 6*o - 40128. What is the ten thousands digit of v?
1
What is the units digit of 5728 - (-8 + -9 + 26)?
9
Let a(o) = -30*o - 56. Let n be a(-2). Suppose -5*u - n*z + 6280 = 0, -4*z + 2*z - 3790 = -3*u. What is the thousands digit of u?
1
Suppose -5*p = 7*p - 8*p. Suppose 5*f - 4*n - 3326 = p, 0 = -0*f - 2*f - 2*n + 1316. What is the tens digit of f?
6
Suppose -4*s + s + 14 = -g, -3*g - 52 = -4*s. Let o = g + 18. Let v(x) = -x**3 - 2*x**2 - 2*x + 2. What is the units digit of v(o)?
6
Let i(z) = -21294*z + 213. What is the tens digit of i(-1)?
0
Let u(l) = 1319*l**2 + 28*l - 78. What is the hundreds digit of u(-5)?
7
Let w = -98 - 134. Let c = -139 - w. What is the tens digit of c?
9
Let g be (-3)/12 - (-18620)/16*-1. Let o = g - -2301. What is the units digit of o?
7
Suppose -7*r = -9*r - 4*j + 28306, 0 = -2*r + j + 28351. What is the thousands digit of r?
4
Let j be -7*((-26)/8)/((-1)/(-4)). What is the hundreds digit of 5*j/35*29?
3
Let j be (-10)/7 + 5 + 4/(-7). Suppose 0 = 2*h - 6*s + j*s - 1190, 4*h - 5*s = 2384. What is the tens digit of h?
0
What is the hundreds digit of 361440/(0 + 5) + -25*(-3)/15?
2
Let l(r) = 143*r**2 - 36*r - 422. What is the hundreds digit of l(-13)?
2
Suppose -963 - 9549 = -4*a. Suppose -2*c - a = -14*c. What is the units digit of c?
9
Let n = 60 + -182. Let l be -2*(-1*3 - (11 - n)). What is the hundreds digit of (l/20)/(2/15)?
1
Let u = 504 - 565. Let n = 790 + u. What is the tens digit of n?
2
Let s be ((-115416)/40)/(12/(-80)). Suppose -12*b = -s + 6060. What is the thousands digit of b?
1
Let z = -34 + 94. What is the hundreds digit of (-14)/(6 - 363/z)?
2
Suppose -264*t + 68*t - 175996 = -3692824. What is the thousands digit of t?
7
Suppose 90*a - 133056 = 24*a. Let c = -1096 + a. What is the tens digit of c?
2
Suppose -91*k = -87*k - 4*b - 1956, 5*k - 2385 = -5*b. What is the units digit of k?
3
Suppose 5*r = 2*u - 339, -171 = -u + 105*r - 101*r. Let p(s) = s**3 - s**2 + s + 35. Let a be p(0). Suppose -2*b + u = -a. What is the units digit of b?
1
Let v(c) = -107*c - 8. Let x be v(-3). Suppose -x = 5*d - 1253. Suppose 20 = 4*w - d. What is the tens digit of w?
5
Let s be 28 - 20 - (-1 + 7). Suppose 2*b - n = 2123, 3 - s = n. What is the thousands digit of b?
1
Suppose -712*h + 727*h = 19365. What is the tens digit of h?
9
Suppose -3*x + 2774 = d - 197, -4*d = 4*x - 3972. Let t = x - -100. What is the hundreds digit of t?
0
Suppose 0 = -2*y - 2*g + 50, 0*y - 4*g - 45 = -y. Suppose -2*b - y = 21. Let d = b - -37. What is the units digit of d?
2
Let f(l) = -2*l**3 + l + 284. Let h be f(0). What is the units digit of (28 + -25)*(h/(-3))/(-2)?
2
Let l be 2 - (-3)/(-4) - (-999957)/476. Let c = l - 891. What is the units digit of c?
1
What is the hundreds digit of (12070/119)/(11/539)?
9
Let a = 1068 + -610. Let m = a + 602. What is the tens digit of m?
6
Let o(v) = -203*v + 208. Let y be o(1). Suppose -4*j - w + 165 = -3*j, 5*j = 4*w + 825. What